{"id":1956,"date":"2022-07-28T10:40:05","date_gmt":"2022-07-28T10:40:05","guid":{"rendered":"https:\/\/www.safinel.fr\/?post_type=product&#038;p=1956"},"modified":"2023-12-28T17:15:21","modified_gmt":"2023-12-28T17:15:21","slug":"mel-de-alecrim","status":"publish","type":"product","link":"https:\/\/www.safinel.fr\/pt\/product-2\/mel-de-alecrim\/","title":{"rendered":"Mel de alecrim da Espanha 250 g"},"content":{"rendered":"<p>\u00c9 hora de viajar! Acomode-se bem, pois vamos mudar de fronteira, rumo \u00e0 Espanha! Finalmente, descubra o<strong>\u00a0mel de alecrim da Espanha<\/strong>\u00a0!<\/p>\n<h2><strong>\u00c0 descoberta do mel de alecrim espanhol\u00a0<\/strong><\/h2>\n<p>Se este pa\u00eds \u00e9 conhecido pelo seu clima e pelas suas in\u00fameras paisagens, \u00e9 importante referir que n\u00e3o \u00e9 s\u00f3 voc\u00ea que delas desfruta... Na verdade, as nossas pequenas\u00a0<strong>abelhas<\/strong>\u00a0gostam particularmente dela, pois a Espanha possui muitos locais adequados para uma flora\u00e7\u00e3o de qualidade.<\/p>\n<p>\u00c9 por isso que a sua loja Safinel deseja apresentar-lhe o mel de alecrim espanhol. Este mel \u00e9 comercializado num frasco cl\u00e1ssico de 250 g, para o prazer de todos aqueles que apreciam n\u00e9ctares perfumados e saborosos.<\/p>\n<h2><strong>Os benef\u00edcios do mel de alecrim espanhol\u00a0<\/strong><\/h2>\n<p>Se tamb\u00e9m est\u00e1 ansioso por descobrir mais sobre este<strong>\u00a0mel monofloral,<\/strong>\u00a0N\u00e3o d\u00ea mais nenhum passo!<\/p>\n<p>Em primeiro lugar, como a maioria dos m\u00e9is, \u00e9 conhecido por ser um aliado contra certas doen\u00e7as, especialmente as sazonais. Por exemplo, dores de garganta ou certos problemas respirat\u00f3rios.<\/p>\n<p>Al\u00e9m disso, tamb\u00e9m \u00e9 considerado um antiss\u00e9ptico natural e um anti-inflamat\u00f3rio. Utilizado por muitas pessoas devido \u00e0s suas propriedades ben\u00e9ficas para o f\u00edgado, \u00e9 ben\u00e9fico para a digest\u00e3o.<\/p>\n<h3><strong>O mel de alecrim da Espanha: um suplemento alimentar que seduz\u00a0<\/strong><\/h3>\n<p>De facto, quer seja um desportista de alto n\u00edvel ou mesmo um desportista amador, este mel poder\u00e1 muito bem seduzi-lo! Muito bom para o aporte energ\u00e9tico e para a recupera\u00e7\u00e3o, este alimento funcional deve ser tomado antes e depois do esfor\u00e7o f\u00edsico.<\/p>\n<p>Al\u00e9m disso, em caso de grande cansa\u00e7o, pode fazer uma cura, como um estimulante natural comum.<\/p>\n<h3><strong>Descubra tamb\u00e9m na sua loja online de bem-estar...<\/strong><\/h3>\n<p>Como voc\u00ea j\u00e1 percebeu, a nossa loja online tem o prazer de oferecer produtos de qualidade que v\u00e3o encant\u00e1-lo!<\/p>\n<p>J\u00e1 conhece o famoso\u00a0<strong><a href=\"https:\/\/www.safinel.fr\/pt\/product-2\/alho-preto\/\">alho preto<\/a>\u00a0<\/strong>Se ainda n\u00e3o o fez, convidamo-lo a visitar a nossa loja online para saber mais.<\/p>","protected":false},"excerpt":{"rendered":"<p>\u00c9 hora de viajar! Acomode-se bem, pois vamos mudar de fronteira, rumo \u00e0 Espanha! Descubra finalmente o mel de alecrim espanhol! \u00c0 descoberta do mel de alecrim espanhol  Se este pa\u00eds \u00e9 conhecido pelo seu clima e pelas suas in\u00fameras paisagens, vale a pena referir que n\u00e3o \u00e9 s\u00f3 voc\u00ea [...]","protected":false},"featured_media":1939,"template":"","meta":[],"product_brand":[],"product_cat":[24,71],"product_tag":[],"class_list":{"0":"post-1956","1":"product","2":"type-product","3":"status-publish","4":"has-post-thumbnail","6":"product_cat-apiculture","7":"product_cat-miels-despagne","9":"first","10":"instock","11":"shipping-taxable","12":"purchasable","13":"product-type-simple"},"yoast_head":"<!-- This site is optimized with the Yoast SEO plugin v26.6 - https:\/\/yoast.com\/wordpress\/plugins\/seo\/ -->\n<title>Miel de Romarin I Miel espagnol de qualit\u00e9 I Contenance 250g<\/title>\n<meta name=\"description\" content=\"Prenez bien place, restez bien install\u00e9 car nous changeons de fronti\u00e8re, pour l\u2019Espagne ! Faites enfin la d\u00e9couverte du\u00a0miel de romarin d\u2019Espagne\u00a0!\" \/>\n<meta name=\"robots\" content=\"index, follow, max-snippet:-1, max-image-preview:large, max-video-preview:-1\" \/>\n<link rel=\"canonical\" href=\"https:\/\/www.safinel.fr\/pt\/product-2\/mel-de-alecrim\/\" \/>\n<meta property=\"og:locale\" content=\"pt_PT\" \/>\n<meta property=\"og:type\" content=\"article\" \/>\n<meta property=\"og:title\" content=\"Miel de Romarin I Miel espagnol de qualit\u00e9 I Contenance 250g\" \/>\n<meta property=\"og:description\" content=\"Prenez bien place, restez bien install\u00e9 car nous changeons de fronti\u00e8re, pour l\u2019Espagne ! Faites enfin la d\u00e9couverte du\u00a0miel de romarin d\u2019Espagne\u00a0!\" \/>\n<meta property=\"og:url\" content=\"https:\/\/www.safinel.fr\/pt\/product-2\/mel-de-alecrim\/\" \/>\n<meta property=\"og:site_name\" content=\"Safinel\" \/>\n<meta property=\"article:modified_time\" content=\"2023-12-28T17:15:21+00:00\" \/>\n<meta property=\"og:image\" content=\"https:\/\/www.safinel.fr\/wp-content\/uploads\/2022\/07\/miel-de-romarin.jpg\" \/>\n\t<meta property=\"og:image:width\" content=\"600\" \/>\n\t<meta property=\"og:image:height\" content=\"600\" \/>\n\t<meta property=\"og:image:type\" content=\"image\/jpeg\" \/>\n<meta name=\"twitter:card\" content=\"summary_large_image\" \/>\n<meta name=\"twitter:label1\" content=\"Tempo estimado de leitura\" \/>\n\t<meta name=\"twitter:data1\" content=\"2 minutos\" \/>\n<script type=\"application\/ld+json\" class=\"yoast-schema-graph\">{\"@context\":\"https:\/\/schema.org\",\"@graph\":[{\"@type\":\"WebPage\",\"@id\":\"https:\/\/www.safinel.fr\/produit\/miel-de-romarin\/\",\"url\":\"https:\/\/www.safinel.fr\/produit\/miel-de-romarin\/\",\"name\":\"Miel de Romarin I Miel espagnol de qualit\u00e9 I Contenance 250g\",\"isPartOf\":{\"@id\":\"https:\/\/www.safinel.fr\/#website\"},\"primaryImageOfPage\":{\"@id\":\"https:\/\/www.safinel.fr\/produit\/miel-de-romarin\/#primaryimage\"},\"image\":{\"@id\":\"https:\/\/www.safinel.fr\/produit\/miel-de-romarin\/#primaryimage\"},\"thumbnailUrl\":\"https:\/\/www.safinel.fr\/wp-content\/uploads\/2022\/07\/miel-de-romarin.jpg\",\"datePublished\":\"2022-07-28T10:40:05+00:00\",\"dateModified\":\"2023-12-28T17:15:21+00:00\",\"description\":\"Prenez bien place, restez bien install\u00e9 car nous changeons de fronti\u00e8re, pour l\u2019Espagne ! Faites enfin la d\u00e9couverte du\u00a0miel de romarin d\u2019Espagne\u00a0!\",\"breadcrumb\":{\"@id\":\"https:\/\/www.safinel.fr\/produit\/miel-de-romarin\/#breadcrumb\"},\"inLanguage\":\"pt-PT\",\"potentialAction\":[{\"@type\":\"ReadAction\",\"target\":[\"https:\/\/www.safinel.fr\/produit\/miel-de-romarin\/\"]}]},{\"@type\":\"ImageObject\",\"inLanguage\":\"pt-PT\",\"@id\":\"https:\/\/www.safinel.fr\/produit\/miel-de-romarin\/#primaryimage\",\"url\":\"https:\/\/www.safinel.fr\/wp-content\/uploads\/2022\/07\/miel-de-romarin.jpg\",\"contentUrl\":\"https:\/\/www.safinel.fr\/wp-content\/uploads\/2022\/07\/miel-de-romarin.jpg\",\"width\":600,\"height\":600,\"caption\":\"Miel de romarin d'Espagne 250g\"},{\"@type\":\"BreadcrumbList\",\"@id\":\"https:\/\/www.safinel.fr\/produit\/miel-de-romarin\/#breadcrumb\",\"itemListElement\":[{\"@type\":\"ListItem\",\"position\":1,\"name\":\"Accueil\",\"item\":\"https:\/\/www.safinel.fr\/\"},{\"@type\":\"ListItem\",\"position\":2,\"name\":\"Boutique\",\"item\":\"https:\/\/www.safinel.fr\/boutique\/\"},{\"@type\":\"ListItem\",\"position\":3,\"name\":\"Miel de romarin d&#8217;Espagne 250g\"}]},{\"@type\":\"WebSite\",\"@id\":\"https:\/\/www.safinel.fr\/#website\",\"url\":\"https:\/\/www.safinel.fr\/\",\"name\":\"Safinel\",\"description\":\"\",\"publisher\":{\"@id\":\"https:\/\/www.safinel.fr\/#organization\"},\"potentialAction\":[{\"@type\":\"SearchAction\",\"target\":{\"@type\":\"EntryPoint\",\"urlTemplate\":\"https:\/\/www.safinel.fr\/?s={search_term_string}\"},\"query-input\":{\"@type\":\"PropertyValueSpecification\",\"valueRequired\":true,\"valueName\":\"search_term_string\"}}],\"inLanguage\":\"pt-PT\"},{\"@type\":\"Organization\",\"@id\":\"https:\/\/www.safinel.fr\/#organization\",\"name\":\"Safinel\",\"url\":\"https:\/\/www.safinel.fr\/\",\"logo\":{\"@type\":\"ImageObject\",\"inLanguage\":\"pt-PT\",\"@id\":\"https:\/\/www.safinel.fr\/#\/schema\/logo\/image\/\",\"url\":\"https:\/\/www.safinel.fr\/wp-content\/uploads\/2021\/05\/boutique-cosmetique.png\",\"contentUrl\":\"https:\/\/www.safinel.fr\/wp-content\/uploads\/2021\/05\/boutique-cosmetique.png\",\"width\":800,\"height\":200,\"caption\":\"Safinel\"},\"image\":{\"@id\":\"https:\/\/www.safinel.fr\/#\/schema\/logo\/image\/\"}}]}<\/script>\n<!-- \/ Yoast SEO plugin. -->","yoast_head_json":{"title":"Mel de alecrim I Mel espanhol de qualidade I Conte\u00fado 250 g","description":"Acomode-se bem, pois vamos mudar de fronteira, rumo \u00e0 Espanha! Descubra finalmente o mel de alecrim espanhol!","robots":{"index":"index","follow":"follow","max-snippet":"max-snippet:-1","max-image-preview":"max-image-preview:large","max-video-preview":"max-video-preview:-1"},"canonical":"https:\/\/www.safinel.fr\/pt\/product-2\/mel-de-alecrim\/","og_locale":"pt_PT","og_type":"article","og_title":"Miel de Romarin I Miel espagnol de qualit\u00e9 I Contenance 250g","og_description":"Prenez bien place, restez bien install\u00e9 car nous changeons de fronti\u00e8re, pour l\u2019Espagne ! Faites enfin la d\u00e9couverte du\u00a0miel de romarin d\u2019Espagne\u00a0!","og_url":"https:\/\/www.safinel.fr\/pt\/product-2\/mel-de-alecrim\/","og_site_name":"Safinel","article_modified_time":"2023-12-28T17:15:21+00:00","og_image":[{"width":600,"height":600,"url":"https:\/\/www.safinel.fr\/wp-content\/uploads\/2022\/07\/miel-de-romarin.jpg","type":"image\/jpeg"}],"twitter_card":"summary_large_image","twitter_misc":{"Tempo estimado de leitura":"2 minutos"},"schema":{"@context":"https:\/\/schema.org","@graph":[{"@type":"WebPage","@id":"https:\/\/www.safinel.fr\/produit\/miel-de-romarin\/","url":"https:\/\/www.safinel.fr\/produit\/miel-de-romarin\/","name":"Mel de alecrim I Mel espanhol de qualidade I Conte\u00fado 250 g","isPartOf":{"@id":"https:\/\/www.safinel.fr\/#website"},"primaryImageOfPage":{"@id":"https:\/\/www.safinel.fr\/produit\/miel-de-romarin\/#primaryimage"},"image":{"@id":"https:\/\/www.safinel.fr\/produit\/miel-de-romarin\/#primaryimage"},"thumbnailUrl":"https:\/\/www.safinel.fr\/wp-content\/uploads\/2022\/07\/miel-de-romarin.jpg","datePublished":"2022-07-28T10:40:05+00:00","dateModified":"2023-12-28T17:15:21+00:00","description":"Acomode-se bem, pois vamos mudar de fronteira, rumo \u00e0 Espanha! Descubra finalmente o mel de alecrim espanhol!","breadcrumb":{"@id":"https:\/\/www.safinel.fr\/produit\/miel-de-romarin\/#breadcrumb"},"inLanguage":"pt-PT","potentialAction":[{"@type":"ReadAction","target":["https:\/\/www.safinel.fr\/produit\/miel-de-romarin\/"]}]},{"@type":"ImageObject","inLanguage":"pt-PT","@id":"https:\/\/www.safinel.fr\/produit\/miel-de-romarin\/#primaryimage","url":"https:\/\/www.safinel.fr\/wp-content\/uploads\/2022\/07\/miel-de-romarin.jpg","contentUrl":"https:\/\/www.safinel.fr\/wp-content\/uploads\/2022\/07\/miel-de-romarin.jpg","width":600,"height":600,"caption":"Miel de romarin d'Espagne 250g"},{"@type":"BreadcrumbList","@id":"https:\/\/www.safinel.fr\/produit\/miel-de-romarin\/#breadcrumb","itemListElement":[{"@type":"ListItem","position":1,"name":"Accueil","item":"https:\/\/www.safinel.fr\/"},{"@type":"ListItem","position":2,"name":"Boutique","item":"https:\/\/www.safinel.fr\/boutique\/"},{"@type":"ListItem","position":3,"name":"Miel de romarin d&#8217;Espagne 250g"}]},{"@type":"WebSite","@id":"https:\/\/www.safinel.fr\/#website","url":"https:\/\/www.safinel.fr\/","name":"Safinel","description":"","publisher":{"@id":"https:\/\/www.safinel.fr\/#organization"},"potentialAction":[{"@type":"SearchAction","target":{"@type":"EntryPoint","urlTemplate":"https:\/\/www.safinel.fr\/?s={search_term_string}"},"query-input":{"@type":"PropertyValueSpecification","valueRequired":true,"valueName":"search_term_string"}}],"inLanguage":"pt-PT"},{"@type":"Organization","@id":"https:\/\/www.safinel.fr\/#organization","name":"Safinel","url":"https:\/\/www.safinel.fr\/","logo":{"@type":"ImageObject","inLanguage":"pt-PT","@id":"https:\/\/www.safinel.fr\/#\/schema\/logo\/image\/","url":"https:\/\/www.safinel.fr\/wp-content\/uploads\/2021\/05\/boutique-cosmetique.png","contentUrl":"https:\/\/www.safinel.fr\/wp-content\/uploads\/2021\/05\/boutique-cosmetique.png","width":800,"height":200,"caption":"Safinel"},"image":{"@id":"https:\/\/www.safinel.fr\/#\/schema\/logo\/image\/"}}]}},"_links":{"self":[{"href":"https:\/\/www.safinel.fr\/pt\/wp-json\/wp\/v2\/product\/1956","targetHints":{"allow":["GET"]}}],"collection":[{"href":"https:\/\/www.safinel.fr\/pt\/wp-json\/wp\/v2\/product"}],"about":[{"href":"https:\/\/www.safinel.fr\/pt\/wp-json\/wp\/v2\/types\/product"}],"wp:featuredmedia":[{"embeddable":true,"href":"https:\/\/www.safinel.fr\/pt\/wp-json\/wp\/v2\/media\/1939"}],"wp:attachment":[{"href":"https:\/\/www.safinel.fr\/pt\/wp-json\/wp\/v2\/media?parent=1956"}],"wp:term":[{"taxonomy":"product_brand","embeddable":true,"href":"https:\/\/www.safinel.fr\/pt\/wp-json\/wp\/v2\/product_brand?post=1956"},{"taxonomy":"product_cat","embeddable":true,"href":"https:\/\/www.safinel.fr\/pt\/wp-json\/wp\/v2\/product_cat?post=1956"},{"taxonomy":"product_tag","embeddable":true,"href":"https:\/\/www.safinel.fr\/pt\/wp-json\/wp\/v2\/product_tag?post=1956"}],"curies":[{"name":"wp","href":"https:\/\/api.w.org\/{rel}","templated":true}]}}

<p>É hora de viajar! Acomode-se bem, pois vamos mudar de fronteira, rumo à Espanha! Finalmente, descubra o<strong> mel de alecrim da Espanha</strong> !</p>
<h2><strong>À descoberta do mel de alecrim espanhol </strong></h2>
<p>Se este país é conhecido pelo seu clima e pelas suas inúmeras paisagens, é importante referir que não é só você que delas desfruta... Na verdade, as nossas pequenas <strong>abelhas</strong> gostam particularmente dela, pois a Espanha possui muitos locais adequados para uma floração de qualidade.</p>
<p>É por isso que a sua loja Safinel deseja apresentar-lhe o mel de alecrim espanhol. Este mel é comercializado num frasco clássico de 250 g, para o prazer de todos aqueles que apreciam néctares perfumados e saborosos.</p>
<h2><strong>Os benefícios do mel de alecrim espanhol </strong></h2>
<p>Se também está ansioso por descobrir mais sobre este<strong> mel monofloral,</strong> Não dê mais nenhum passo!</p>
<p>Em primeiro lugar, como a maioria dos méis, é conhecido por ser um aliado contra certas doenças, especialmente as sazonais. Por exemplo, dores de garganta ou certos problemas respiratórios.</p>
<p>Além disso, também é considerado um antisséptico natural e um anti-inflamatório. Utilizado por muitas pessoas devido às suas propriedades benéficas para o fígado, é benéfico para a digestão.</p>
<h3><strong>O mel de alecrim da Espanha: um suplemento alimentar que seduz </strong></h3>
<p>De facto, quer seja um desportista de alto nível ou mesmo um desportista amador, este mel poderá muito bem seduzi-lo! Muito bom para o aporte energético e para a recuperação, este alimento funcional deve ser tomado antes e depois do esforço físico.</p>
<p>Além disso, em caso de grande cansaço, pode fazer uma cura, como um estimulante natural comum.</p>
<h3><strong>Descubra também na sua loja online de bem-estar...</strong></h3>
<p>Como você já percebeu, a nossa loja online tem o prazer de oferecer produtos de qualidade que vão encantá-lo!</p>
<p>Já conhece o famoso <strong><a href="https://www.safinel.fr/pt/product-2/alho-preto/">alho preto</a> </strong>Se ainda não o fez, convidamo-lo a visitar a nossa loja online para saber mais.</p>

<p>É hora de viajar! Acomode-se bem, pois vamos mudar de fronteira, rumo à Espanha! Descubra finalmente o mel de alecrim espanhol! À descoberta do mel de alecrim espanhol  Se este país é conhecido pelo seu clima e pelas suas inúmeras paisagens, vale a pena referir que não é só você [...]

<!-- This site is optimized with the Yoast SEO plugin v26.6 - https://yoast.com/wordpress/plugins/seo/ -->
<title>Miel de Romarin I Miel espagnol de qualité I Contenance 250g</title>
<meta name="description" content="Prenez bien place, restez bien installé car nous changeons de frontière, pour l’Espagne ! Faites enfin la découverte du miel de romarin d’Espagne !" />
<meta name="robots" content="index, follow, max-snippet:-1, max-image-preview:large, max-video-preview:-1" />
<link rel="canonical" href="https://www.safinel.fr/pt/product-2/mel-de-alecrim/" />
<meta property="og:locale" content="pt_PT" />
<meta property="og:type" content="article" />
<meta property="og:title" content="Miel de Romarin I Miel espagnol de qualité I Contenance 250g" />
<meta property="og:description" content="Prenez bien place, restez bien installé car nous changeons de frontière, pour l’Espagne ! Faites enfin la découverte du miel de romarin d’Espagne !" />
<meta property="og:url" content="https://www.safinel.fr/pt/product-2/mel-de-alecrim/" />
<meta property="og:site_name" content="Safinel" />
<meta property="article:modified_time" content="2023-12-28T17:15:21+00:00" />
<meta property="og:image" content="https://www.safinel.fr/wp-content/uploads/2022/07/miel-de-romarin.jpg" />
	<meta property="og:image:width" content="600" />
	<meta property="og:image:height" content="600" />
	<meta property="og:image:type" content="image/jpeg" />
<meta name="twitter:card" content="summary_large_image" />
<meta name="twitter:label1" content="Tempo estimado de leitura" />
	<meta name="twitter:data1" content="2 minutos" />
<script type="application/ld+json" class="yoast-schema-graph">{"@context":"https://schema.org","@graph":[{"@type":"WebPage","@id":"https://www.safinel.fr/produit/miel-de-romarin/","url":"https://www.safinel.fr/produit/miel-de-romarin/","name":"Miel de Romarin I Miel espagnol de qualité I Contenance 250g","isPartOf":{"@id":"https://www.safinel.fr/#website"},"primaryImageOfPage":{"@id":"https://www.safinel.fr/produit/miel-de-romarin/#primaryimage"},"image":{"@id":"https://www.safinel.fr/produit/miel-de-romarin/#primaryimage"},"thumbnailUrl":"https://www.safinel.fr/wp-content/uploads/2022/07/miel-de-romarin.jpg","datePublished":"2022-07-28T10:40:05+00:00","dateModified":"2023-12-28T17:15:21+00:00","description":"Prenez bien place, restez bien installé car nous changeons de frontière, pour l’Espagne ! Faites enfin la découverte du miel de romarin d’Espagne !","breadcrumb":{"@id":"https://www.safinel.fr/produit/miel-de-romarin/#breadcrumb"},"inLanguage":"pt-PT","potentialAction":[{"@type":"ReadAction","target":["https://www.safinel.fr/produit/miel-de-romarin/"]}]},{"@type":"ImageObject","inLanguage":"pt-PT","@id":"https://www.safinel.fr/produit/miel-de-romarin/#primaryimage","url":"https://www.safinel.fr/wp-content/uploads/2022/07/miel-de-romarin.jpg","contentUrl":"https://www.safinel.fr/wp-content/uploads/2022/07/miel-de-romarin.jpg","width":600,"height":600,"caption":"Miel de romarin d'Espagne 250g"},{"@type":"BreadcrumbList","@id":"https://www.safinel.fr/produit/miel-de-romarin/#breadcrumb","itemListElement":[{"@type":"ListItem","position":1,"name":"Accueil","item":"https://www.safinel.fr/"},{"@type":"ListItem","position":2,"name":"Boutique","item":"https://www.safinel.fr/boutique/"},{"@type":"ListItem","position":3,"name":"Miel de romarin d&#8217;Espagne 250g"}]},{"@type":"WebSite","@id":"https://www.safinel.fr/#website","url":"https://www.safinel.fr/","name":"Safinel","description":"","publisher":{"@id":"https://www.safinel.fr/#organization"},"potentialAction":[{"@type":"SearchAction","target":{"@type":"EntryPoint","urlTemplate":"https://www.safinel.fr/?s={search_term_string}"},"query-input":{"@type":"PropertyValueSpecification","valueRequired":true,"valueName":"search_term_string"}}],"inLanguage":"pt-PT"},{"@type":"Organization","@id":"https://www.safinel.fr/#organization","name":"Safinel","url":"https://www.safinel.fr/","logo":{"@type":"ImageObject","inLanguage":"pt-PT","@id":"https://www.safinel.fr/#/schema/logo/image/","url":"https://www.safinel.fr/wp-content/uploads/2021/05/boutique-cosmetique.png","contentUrl":"https://www.safinel.fr/wp-content/uploads/2021/05/boutique-cosmetique.png","width":800,"height":200,"caption":"Safinel"},"image":{"@id":"https://www.safinel.fr/#/schema/logo/image/"}}]}</script>
<!-- / Yoast SEO plugin. -->

Mel de alecrim I Mel espanhol de qualidade I Conteúdo 250 g

Acomode-se bem, pois vamos mudar de fronteira, rumo à Espanha! Descubra finalmente o mel de alecrim espanhol!

Miel de Romarin I Miel espagnol de qualité I Contenance 250g

Prenez bien place, restez bien installé car nous changeons de frontière, pour l’Espagne ! Faites enfin la découverte du miel de romarin d’Espagne !
