{"id":852,"date":"2022-02-22T17:21:08","date_gmt":"2022-02-22T17:21:08","guid":{"rendered":"https:\/\/www.safinel.fr\/?page_id=852"},"modified":"2022-02-22T17:21:41","modified_gmt":"2022-02-22T17:21:41","slug":"compreender-a-negacao-da-gravidez","status":"publish","type":"page","link":"https:\/\/www.safinel.fr\/pt\/compreender-a-negacao-da-gravidez\/","title":{"rendered":"Compreender a nega\u00e7\u00e3o da gravidez"},"content":{"rendered":"<h1>Compreender a nega\u00e7\u00e3o da gravidez<\/h1>\n\n\n<strong>A nega\u00e7\u00e3o da gravidez \u00e9 a aus\u00eancia de consci\u00eancia de uma gravidez na mulher.<\/strong> Na Fran\u00e7a, em cada 1000 mulheres gr\u00e1vidas, 3 seriam v\u00edtimas de nega\u00e7\u00e3o da gravidez. 330 mulheres por ano dariam \u00e0 luz sem nunca terem sabido que estavam gr\u00e1vidas. Aus\u00eancia de n\u00e1useas, aumento de peso, <strong>regras regulares<\/strong>... Nada indica a gravidez. No entanto, o beb\u00e9 est\u00e1 l\u00e1 e est\u00e1 a desenvolver-se.\n\n<strong>E se compreendesse finalmente este fen\u00f3meno desconhecido do grande p\u00fablico?<\/strong>\n<h2>O que \u00e9 a nega\u00e7\u00e3o da gravidez?<\/h2>\n<strong>A nega\u00e7\u00e3o da gravidez \u00e9 uma divis\u00e3o entre o corpo e a mente.<\/strong> Fisicamente, a mulher est\u00e1 gr\u00e1vida e a crian\u00e7a est\u00e1 a desenvolver-se no seu ventre. O esp\u00edrito, por\u00e9m, n\u00e3o tem consci\u00eancia do novo estado da futura m\u00e3e. Ele oculta a realidade e impede o desenvolvimento dos sintomas da gravidez.\n<h3>A nega\u00e7\u00e3o total da gravidez<\/h3>\nA nega\u00e7\u00e3o total da gravidez \u00e9 um dos acontecimentos mais perturbadores na vida de uma mulher. <strong>A m\u00e3e d\u00e1 \u00e0 luz sem nunca ter sabido que estava gr\u00e1vida.<\/strong> Ela descobre a presen\u00e7a do seu beb\u00e9 no pr\u00f3prio dia do parto, sem ter tido tempo para se preparar mental e fisicamente. Do in\u00edcio ao fim, a sua gravidez n\u00e3o se manifestou: sem barriga, sem dores, menstrua\u00e7\u00f5es regulares ou irregulares... Nada indicava a presen\u00e7a da crian\u00e7a.\n<h3>A nega\u00e7\u00e3o parcial da gravidez<\/h3>\n<strong>A nega\u00e7\u00e3o parcial da gravidez refere-se ao facto de descobrir a gravidez ap\u00f3s o primeiro trimestre, mas antes do seu termo.<\/strong>\n\nA futura m\u00e3e toma consci\u00eancia do seu estado <strong>antes do parto<\/strong>. Uma vez consciente da gravidez, <strong>os sintomas aparecem<\/strong>&nbsp;: aparecimento da barriga nas horas seguintes, n\u00e1useas, dores e aus\u00eancia de menstrua\u00e7\u00e3o. A crian\u00e7a tem a possibilidade de se desenvolver normalmente at\u00e9 ao final da gravidez.\n<h2>As causas da nega\u00e7\u00e3o da gravidez<\/h2>\n<strong>A nega\u00e7\u00e3o da gravidez nunca \u00e9 insignificante: a mente procura proteger a futura m\u00e3e.<\/strong>. Os principais fatores de risco para a nega\u00e7\u00e3o da gravidez s\u00e3o:\n<ul>\n \t<li>Uma gravidez resultante de agress\u00e3o sexual;<\/li>\n \t<li>Uma (antiga) v\u00edtima de agress\u00f5es sexuais, f\u00edsicas ou psicol\u00f3gicas;<\/li>\n \t<li>Suposta esterilidade;<\/li>\n \t<li>Um contexto familiar ou conjugal inst\u00e1vel;<\/li>\n \t<li>Gravidezes pr\u00f3ximas;<\/li>\n<\/ul>\n<strong>As mulheres propensas \u00e0 nega\u00e7\u00e3o da gravidez s\u00e3o frequentemente vulner\u00e1veis.<\/strong>. Elas n\u00e3o querem essa gravidez ou acham que n\u00e3o podem engravidar. No entanto, <strong>todas as mulheres podem passar por uma nega\u00e7\u00e3o da gravidez ao longo da vida<\/strong>.\n<h2>Os riscos da nega\u00e7\u00e3o da gravidez<\/h2>\nUm <strong>nega\u00e7\u00e3o da gravidez<\/strong> n\u00e3o \u00e9 isento de riscos. Para a m\u00e3e e para a crian\u00e7a, esse estado psicol\u00f3gico tem <strong>consequ\u00eancias a curto e longo prazo<\/strong>.\n<h3>Para a crian\u00e7a<\/h3>\n<strong>A crian\u00e7a deve adaptar-se ao corpo da m\u00e3e, que n\u00e3o est\u00e1 pronto para receb\u00ea-la.<\/strong>. Ele se desenvolve de maneira diferente: o corpo do beb\u00e9 n\u00e3o est\u00e1 na posi\u00e7\u00e3o fetal. Ele se alonga mais, pois a barriga da m\u00e3e n\u00e3o cresce. Ele n\u00e3o ganha peso ou ganha muito pouco. Como a mulher n\u00e3o tem consci\u00eancia de estar gr\u00e1vida, <strong>ela n\u00e3o adota h\u00e1bitos saud\u00e1veis relacionados \u00e0 gravidez<\/strong>. \u00c9 um fator de risco importante para o beb\u00e9. Por fim, <strong>o parto pode ocorrer em qualquer lugar e a qualquer momento<\/strong>&nbsp;: \u00e9 prov\u00e1vel que a crian\u00e7a n\u00e3o nas\u00e7a nas melhores condi\u00e7\u00f5es.\n<h3>Para a m\u00e3e<\/h3>\n<strong>A mulher v\u00edtima de nega\u00e7\u00e3o da gravidez n\u00e3o est\u00e1 psicologicamente preparada para receber um beb\u00e9 na sua vida.<\/strong>. O nascimento, ou o an\u00fancio tardivo da gravidez, \u00e9 muitas vezes um <strong>grande choque psicol\u00f3gico<\/strong> para a m\u00e3e. Os riscos de depress\u00e3o e rejei\u00e7\u00e3o da crian\u00e7a s\u00e3o reais. \u00c9 necess\u00e1rio\u2019<strong>receber acompanhamento psicol\u00f3gico durante e ap\u00f3s a nega\u00e7\u00e3o da gravidez<\/strong>.","protected":false},"excerpt":{"rendered":"<p>Comprendre le d\u00e9ni de grossesse Le d\u00e9ni de grossesse est l\u2019absence de conscience d\u2019une grossesse chez la femme. En France, sur 1000 femmes enceintes, 3 seraient victimes d\u2019un d\u00e9ni de grossesse. 330 femmes par an accoucheraient sans jamais avoir su qu\u2019elles \u00e9taient enceintes. Absence de naus\u00e9es, de prises de poids, r\u00e8gles r\u00e9guli\u00e8res\u2026 Rien n\u2019indique la [&#8230;]","protected":false},"author":1,"featured_media":0,"parent":0,"menu_order":0,"comment_status":"closed","ping_status":"closed","template":"","meta":{"footnotes":""},"class_list":["post-852","page","type-page","status-publish","hentry"],"yoast_head":"<!-- This site is optimized with the Yoast SEO plugin v26.6 - https:\/\/yoast.com\/wordpress\/plugins\/seo\/ -->\n<title>Comprendre le d\u00e9ni de grossesse - Safinel<\/title>\n<meta name=\"robots\" content=\"index, follow, max-snippet:-1, max-image-preview:large, max-video-preview:-1\" \/>\n<link rel=\"canonical\" href=\"https:\/\/www.safinel.fr\/pt\/compreender-a-negacao-da-gravidez\/\" \/>\n<meta property=\"og:locale\" content=\"pt_PT\" \/>\n<meta property=\"og:type\" content=\"article\" \/>\n<meta property=\"og:title\" content=\"Comprendre le d\u00e9ni de grossesse - Safinel\" \/>\n<meta property=\"og:description\" content=\"Comprendre le d\u00e9ni de grossesse Le d\u00e9ni de grossesse est l\u2019absence de conscience d\u2019une grossesse chez la femme. En France, sur 1000 femmes enceintes, 3 seraient victimes d\u2019un d\u00e9ni de grossesse. 330 femmes par an accoucheraient sans jamais avoir su qu\u2019elles \u00e9taient enceintes. Absence de naus\u00e9es, de prises de poids, r\u00e8gles r\u00e9guli\u00e8res\u2026 Rien n\u2019indique la [...]\" \/>\n<meta property=\"og:url\" content=\"https:\/\/www.safinel.fr\/pt\/compreender-a-negacao-da-gravidez\/\" \/>\n<meta property=\"og:site_name\" content=\"Safinel\" \/>\n<meta property=\"article:modified_time\" content=\"2022-02-22T17:21:41+00:00\" \/>\n<meta name=\"twitter:card\" content=\"summary_large_image\" \/>\n<meta name=\"twitter:label1\" content=\"Tempo estimado de leitura\" \/>\n\t<meta name=\"twitter:data1\" content=\"3 minutos\" \/>\n<script type=\"application\/ld+json\" class=\"yoast-schema-graph\">{\"@context\":\"https:\/\/schema.org\",\"@graph\":[{\"@type\":\"WebPage\",\"@id\":\"https:\/\/www.safinel.fr\/comprendre-le-deni-de-grossesse\/\",\"url\":\"https:\/\/www.safinel.fr\/comprendre-le-deni-de-grossesse\/\",\"name\":\"Comprendre le d\u00e9ni de grossesse - Safinel\",\"isPartOf\":{\"@id\":\"https:\/\/www.safinel.fr\/#website\"},\"datePublished\":\"2022-02-22T17:21:08+00:00\",\"dateModified\":\"2022-02-22T17:21:41+00:00\",\"breadcrumb\":{\"@id\":\"https:\/\/www.safinel.fr\/comprendre-le-deni-de-grossesse\/#breadcrumb\"},\"inLanguage\":\"pt-PT\",\"potentialAction\":[{\"@type\":\"ReadAction\",\"target\":[\"https:\/\/www.safinel.fr\/comprendre-le-deni-de-grossesse\/\"]}]},{\"@type\":\"BreadcrumbList\",\"@id\":\"https:\/\/www.safinel.fr\/comprendre-le-deni-de-grossesse\/#breadcrumb\",\"itemListElement\":[{\"@type\":\"ListItem\",\"position\":1,\"name\":\"Accueil\",\"item\":\"https:\/\/www.safinel.fr\/\"},{\"@type\":\"ListItem\",\"position\":2,\"name\":\"Comprendre le d\u00e9ni de grossesse\"}]},{\"@type\":\"WebSite\",\"@id\":\"https:\/\/www.safinel.fr\/#website\",\"url\":\"https:\/\/www.safinel.fr\/\",\"name\":\"Safinel\",\"description\":\"\",\"publisher\":{\"@id\":\"https:\/\/www.safinel.fr\/#organization\"},\"potentialAction\":[{\"@type\":\"SearchAction\",\"target\":{\"@type\":\"EntryPoint\",\"urlTemplate\":\"https:\/\/www.safinel.fr\/?s={search_term_string}\"},\"query-input\":{\"@type\":\"PropertyValueSpecification\",\"valueRequired\":true,\"valueName\":\"search_term_string\"}}],\"inLanguage\":\"pt-PT\"},{\"@type\":\"Organization\",\"@id\":\"https:\/\/www.safinel.fr\/#organization\",\"name\":\"Safinel\",\"url\":\"https:\/\/www.safinel.fr\/\",\"logo\":{\"@type\":\"ImageObject\",\"inLanguage\":\"pt-PT\",\"@id\":\"https:\/\/www.safinel.fr\/#\/schema\/logo\/image\/\",\"url\":\"https:\/\/www.safinel.fr\/wp-content\/uploads\/2021\/05\/boutique-cosmetique.png\",\"contentUrl\":\"https:\/\/www.safinel.fr\/wp-content\/uploads\/2021\/05\/boutique-cosmetique.png\",\"width\":800,\"height\":200,\"caption\":\"Safinel\"},\"image\":{\"@id\":\"https:\/\/www.safinel.fr\/#\/schema\/logo\/image\/\"}}]}<\/script>\n<!-- \/ Yoast SEO plugin. -->","yoast_head_json":{"title":"Compreender a nega\u00e7\u00e3o da gravidez - Safinel","robots":{"index":"index","follow":"follow","max-snippet":"max-snippet:-1","max-image-preview":"max-image-preview:large","max-video-preview":"max-video-preview:-1"},"canonical":"https:\/\/www.safinel.fr\/pt\/compreender-a-negacao-da-gravidez\/","og_locale":"pt_PT","og_type":"article","og_title":"Comprendre le d\u00e9ni de grossesse - Safinel","og_description":"Comprendre le d\u00e9ni de grossesse Le d\u00e9ni de grossesse est l\u2019absence de conscience d\u2019une grossesse chez la femme. En France, sur 1000 femmes enceintes, 3 seraient victimes d\u2019un d\u00e9ni de grossesse. 330 femmes par an accoucheraient sans jamais avoir su qu\u2019elles \u00e9taient enceintes. Absence de naus\u00e9es, de prises de poids, r\u00e8gles r\u00e9guli\u00e8res\u2026 Rien n\u2019indique la [...]","og_url":"https:\/\/www.safinel.fr\/pt\/compreender-a-negacao-da-gravidez\/","og_site_name":"Safinel","article_modified_time":"2022-02-22T17:21:41+00:00","twitter_card":"summary_large_image","twitter_misc":{"Tempo estimado de leitura":"3 minutos"},"schema":{"@context":"https:\/\/schema.org","@graph":[{"@type":"WebPage","@id":"https:\/\/www.safinel.fr\/comprendre-le-deni-de-grossesse\/","url":"https:\/\/www.safinel.fr\/comprendre-le-deni-de-grossesse\/","name":"Compreender a nega\u00e7\u00e3o da gravidez - Safinel","isPartOf":{"@id":"https:\/\/www.safinel.fr\/#website"},"datePublished":"2022-02-22T17:21:08+00:00","dateModified":"2022-02-22T17:21:41+00:00","breadcrumb":{"@id":"https:\/\/www.safinel.fr\/comprendre-le-deni-de-grossesse\/#breadcrumb"},"inLanguage":"pt-PT","potentialAction":[{"@type":"ReadAction","target":["https:\/\/www.safinel.fr\/comprendre-le-deni-de-grossesse\/"]}]},{"@type":"BreadcrumbList","@id":"https:\/\/www.safinel.fr\/comprendre-le-deni-de-grossesse\/#breadcrumb","itemListElement":[{"@type":"ListItem","position":1,"name":"Accueil","item":"https:\/\/www.safinel.fr\/"},{"@type":"ListItem","position":2,"name":"Comprendre le d\u00e9ni de grossesse"}]},{"@type":"WebSite","@id":"https:\/\/www.safinel.fr\/#website","url":"https:\/\/www.safinel.fr\/","name":"Safinel","description":"","publisher":{"@id":"https:\/\/www.safinel.fr\/#organization"},"potentialAction":[{"@type":"SearchAction","target":{"@type":"EntryPoint","urlTemplate":"https:\/\/www.safinel.fr\/?s={search_term_string}"},"query-input":{"@type":"PropertyValueSpecification","valueRequired":true,"valueName":"search_term_string"}}],"inLanguage":"pt-PT"},{"@type":"Organization","@id":"https:\/\/www.safinel.fr\/#organization","name":"Safinel","url":"https:\/\/www.safinel.fr\/","logo":{"@type":"ImageObject","inLanguage":"pt-PT","@id":"https:\/\/www.safinel.fr\/#\/schema\/logo\/image\/","url":"https:\/\/www.safinel.fr\/wp-content\/uploads\/2021\/05\/boutique-cosmetique.png","contentUrl":"https:\/\/www.safinel.fr\/wp-content\/uploads\/2021\/05\/boutique-cosmetique.png","width":800,"height":200,"caption":"Safinel"},"image":{"@id":"https:\/\/www.safinel.fr\/#\/schema\/logo\/image\/"}}]}},"_links":{"self":[{"href":"https:\/\/www.safinel.fr\/pt\/wp-json\/wp\/v2\/pages\/852","targetHints":{"allow":["GET"]}}],"collection":[{"href":"https:\/\/www.safinel.fr\/pt\/wp-json\/wp\/v2\/pages"}],"about":[{"href":"https:\/\/www.safinel.fr\/pt\/wp-json\/wp\/v2\/types\/page"}],"author":[{"embeddable":true,"href":"https:\/\/www.safinel.fr\/pt\/wp-json\/wp\/v2\/users\/1"}],"replies":[{"embeddable":true,"href":"https:\/\/www.safinel.fr\/pt\/wp-json\/wp\/v2\/comments?post=852"}],"version-history":[{"count":2,"href":"https:\/\/www.safinel.fr\/pt\/wp-json\/wp\/v2\/pages\/852\/revisions"}],"predecessor-version":[{"id":854,"href":"https:\/\/www.safinel.fr\/pt\/wp-json\/wp\/v2\/pages\/852\/revisions\/854"}],"wp:attachment":[{"href":"https:\/\/www.safinel.fr\/pt\/wp-json\/wp\/v2\/media?parent=852"}],"curies":[{"name":"wp","href":"https:\/\/api.w.org\/{rel}","templated":true}]}}

Compreender a negação da gravidez

<h1>Compreender a negação da gravidez</h1>


<strong>A negação da gravidez é a ausência de consciência de uma gravidez na mulher.</strong> Na França, em cada 1000 mulheres grávidas, 3 seriam vítimas de negação da gravidez. 330 mulheres por ano dariam à luz sem nunca terem sabido que estavam grávidas. Ausência de náuseas, aumento de peso, <strong>regras regulares</strong>... Nada indica a gravidez. No entanto, o bebé está lá e está a desenvolver-se.

<strong>E se compreendesse finalmente este fenómeno desconhecido do grande público?</strong>
<h2>O que é a negação da gravidez?</h2>
<strong>A negação da gravidez é uma divisão entre o corpo e a mente.</strong> Fisicamente, a mulher está grávida e a criança está a desenvolver-se no seu ventre. O espírito, porém, não tem consciência do novo estado da futura mãe. Ele oculta a realidade e impede o desenvolvimento dos sintomas da gravidez.
<h3>A negação total da gravidez</h3>
A negação total da gravidez é um dos acontecimentos mais perturbadores na vida de uma mulher. <strong>A mãe dá à luz sem nunca ter sabido que estava grávida.</strong> Ela descobre a presença do seu bebé no próprio dia do parto, sem ter tido tempo para se preparar mental e fisicamente. Do início ao fim, a sua gravidez não se manifestou: sem barriga, sem dores, menstruações regulares ou irregulares... Nada indicava a presença da criança.
<h3>A negação parcial da gravidez</h3>
<strong>A negação parcial da gravidez refere-se ao facto de descobrir a gravidez após o primeiro trimestre, mas antes do seu termo.</strong>

A futura mãe toma consciência do seu estado <strong>antes do parto</strong>. Uma vez consciente da gravidez, <strong>os sintomas aparecem</strong>&nbsp;: aparecimento da barriga nas horas seguintes, náuseas, dores e ausência de menstruação. A criança tem a possibilidade de se desenvolver normalmente até ao final da gravidez.
<h2>As causas da negação da gravidez</h2>
<strong>A negação da gravidez nunca é insignificante: a mente procura proteger a futura mãe.</strong>. Os principais fatores de risco para a negação da gravidez são:
<ul>
 	<li>Uma gravidez resultante de agressão sexual;</li>
 	<li>Uma (antiga) vítima de agressões sexuais, físicas ou psicológicas;</li>
 	<li>Suposta esterilidade;</li>
 	<li>Um contexto familiar ou conjugal instável;</li>
 	<li>Gravidezes próximas;</li>
</ul>
<strong>As mulheres propensas à negação da gravidez são frequentemente vulneráveis.</strong>. Elas não querem essa gravidez ou acham que não podem engravidar. No entanto, <strong>todas as mulheres podem passar por uma negação da gravidez ao longo da vida</strong>.
<h2>Os riscos da negação da gravidez</h2>
Um <strong>negação da gravidez</strong> não é isento de riscos. Para a mãe e para a criança, esse estado psicológico tem <strong>consequências a curto e longo prazo</strong>.
<h3>Para a criança</h3>
<strong>A criança deve adaptar-se ao corpo da mãe, que não está pronto para recebê-la.</strong>. Ele se desenvolve de maneira diferente: o corpo do bebé não está na posição fetal. Ele se alonga mais, pois a barriga da mãe não cresce. Ele não ganha peso ou ganha muito pouco. Como a mulher não tem consciência de estar grávida, <strong>ela não adota hábitos saudáveis relacionados à gravidez</strong>. É um fator de risco importante para o bebé. Por fim, <strong>o parto pode ocorrer em qualquer lugar e a qualquer momento</strong>&nbsp;: é provável que a criança não nasça nas melhores condições.
<h3>Para a mãe</h3>
<strong>A mulher vítima de negação da gravidez não está psicologicamente preparada para receber um bebé na sua vida.</strong>. O nascimento, ou o anúncio tardivo da gravidez, é muitas vezes um <strong>grande choque psicológico</strong> para a mãe. Os riscos de depressão e rejeição da criança são reais. É necessário’<strong>receber acompanhamento psicológico durante e após a negação da gravidez</strong>.

<p>Comprendre le déni de grossesse Le déni de grossesse est l’absence de conscience d’une grossesse chez la femme. En France, sur 1000 femmes enceintes, 3 seraient victimes d’un déni de grossesse. 330 femmes par an accoucheraient sans jamais avoir su qu’elles étaient enceintes. Absence de nausées, de prises de poids, règles régulières… Rien n’indique la [&#8230;]

<!-- This site is optimized with the Yoast SEO plugin v26.6 - https://yoast.com/wordpress/plugins/seo/ -->
<title>Comprendre le déni de grossesse - Safinel</title>
<meta name="robots" content="index, follow, max-snippet:-1, max-image-preview:large, max-video-preview:-1" />
<link rel="canonical" href="https://www.safinel.fr/pt/compreender-a-negacao-da-gravidez/" />
<meta property="og:locale" content="pt_PT" />
<meta property="og:type" content="article" />
<meta property="og:title" content="Comprendre le déni de grossesse - Safinel" />
<meta property="og:description" content="Comprendre le déni de grossesse Le déni de grossesse est l’absence de conscience d’une grossesse chez la femme. En France, sur 1000 femmes enceintes, 3 seraient victimes d’un déni de grossesse. 330 femmes par an accoucheraient sans jamais avoir su qu’elles étaient enceintes. Absence de nausées, de prises de poids, règles régulières… Rien n’indique la [...]" />
<meta property="og:url" content="https://www.safinel.fr/pt/compreender-a-negacao-da-gravidez/" />
<meta property="og:site_name" content="Safinel" />
<meta property="article:modified_time" content="2022-02-22T17:21:41+00:00" />
<meta name="twitter:card" content="summary_large_image" />
<meta name="twitter:label1" content="Tempo estimado de leitura" />
	<meta name="twitter:data1" content="3 minutos" />
<script type="application/ld+json" class="yoast-schema-graph">{"@context":"https://schema.org","@graph":[{"@type":"WebPage","@id":"https://www.safinel.fr/comprendre-le-deni-de-grossesse/","url":"https://www.safinel.fr/comprendre-le-deni-de-grossesse/","name":"Comprendre le déni de grossesse - Safinel","isPartOf":{"@id":"https://www.safinel.fr/#website"},"datePublished":"2022-02-22T17:21:08+00:00","dateModified":"2022-02-22T17:21:41+00:00","breadcrumb":{"@id":"https://www.safinel.fr/comprendre-le-deni-de-grossesse/#breadcrumb"},"inLanguage":"pt-PT","potentialAction":[{"@type":"ReadAction","target":["https://www.safinel.fr/comprendre-le-deni-de-grossesse/"]}]},{"@type":"BreadcrumbList","@id":"https://www.safinel.fr/comprendre-le-deni-de-grossesse/#breadcrumb","itemListElement":[{"@type":"ListItem","position":1,"name":"Accueil","item":"https://www.safinel.fr/"},{"@type":"ListItem","position":2,"name":"Comprendre le déni de grossesse"}]},{"@type":"WebSite","@id":"https://www.safinel.fr/#website","url":"https://www.safinel.fr/","name":"Safinel","description":"","publisher":{"@id":"https://www.safinel.fr/#organization"},"potentialAction":[{"@type":"SearchAction","target":{"@type":"EntryPoint","urlTemplate":"https://www.safinel.fr/?s={search_term_string}"},"query-input":{"@type":"PropertyValueSpecification","valueRequired":true,"valueName":"search_term_string"}}],"inLanguage":"pt-PT"},{"@type":"Organization","@id":"https://www.safinel.fr/#organization","name":"Safinel","url":"https://www.safinel.fr/","logo":{"@type":"ImageObject","inLanguage":"pt-PT","@id":"https://www.safinel.fr/#/schema/logo/image/","url":"https://www.safinel.fr/wp-content/uploads/2021/05/boutique-cosmetique.png","contentUrl":"https://www.safinel.fr/wp-content/uploads/2021/05/boutique-cosmetique.png","width":800,"height":200,"caption":"Safinel"},"image":{"@id":"https://www.safinel.fr/#/schema/logo/image/"}}]}</script>
<!-- / Yoast SEO plugin. -->

Compreender a negação da gravidez - Safinel

Comprendre le déni de grossesse - Safinel

Comprendre le déni de grossesse Le déni de grossesse est l’absence de conscience d’une grossesse chez la femme. En France, sur 1000 femmes enceintes, 3 seraient victimes d’un déni de grossesse. 330 femmes par an accoucheraient sans jamais avoir su qu’elles étaient enceintes. Absence de nausées, de prises de poids, règles régulières… Rien n’indique la [...]

Comprendre le déni de grossesse
