{"id":291,"date":"2021-07-24T18:59:25","date_gmt":"2021-07-24T18:59:25","guid":{"rendered":"https:\/\/www.safinel.fr\/?post_type=product&#038;p=291"},"modified":"2023-12-30T13:53:27","modified_gmt":"2023-12-30T13:53:27","slug":"daloe-vera-gel-100g-cumino-nero-fonte","status":"publish","type":"product","link":"https:\/\/www.safinel.fr\/it\/prodotto\/daloe-vera-gel-100g-cumino-nero-fonte\/","title":{"rendered":"Gel di Aloe Vera 100g - Fonte Nigelle"},"content":{"rendered":"<p>Prima di tutto, va detto che <span class=\"original-content\">aloe <\/span>Il gel di aloe vera \u00e8 un eccellente prodotto cosmetico. Il gel di aloe vera \u00e8 particolarmente ricco di sali minerali. Questo gel contiene innumerevoli benefici. Le sue principali virt\u00f9 sono lenitive, cicatrizzanti, idratanti, rigeneranti e purificanti.<\/p>\n<p>Tuttavia, \u00e8 composto da 72 % di ingredienti biologici, prodotto senza parabeni e vegano. Il gel di aloe vera soddisfa quindi le esigenze di tutti i tipi di pelle.<\/p>\n<p>Pu\u00f2 essere utilizzato da solo o come complemento di un prodotto per la cura della pelle a base di oli vegetali.<\/p>\n<h3><strong>L'origine dell'aloe vera :<\/strong><\/h3>\n<p>Si ritiene che l'Aloe vera sia originaria dell'Africa e di alcune isole dell'Oceano Indiano. Il gel di questa pianta veniva gi\u00e0 utilizzato per curare la stitichezza e i problemi della pelle.<\/p>\n<p>Nel 1820 \u00e8 stato riportato che <span class=\"original-content\">Aloe <\/span>v\u00e9ra nella farmacopea ufficiale degli Stati Uniti d'America. Nel 1935, alcuni medici americani la utilizzarono per trattare le ripetute ustioni causate dall'esposizione ai raggi X.<\/p>\n<h3><strong>Le molte virt\u00f9 di <span class=\"original-content\">aloe <\/span>v\u00e9ra :<\/strong><\/h3>\n<p>Cura della pelle :<\/p>\n<p>D'altra parte, si abbina perfettamente alla crema da giorno. \u00c8 altamente efficace contro problemi della pelle come acne, psoriasi, eczema, herpes, bruciature e prurito.<\/p>\n<p>Inoltre, \u00e8 un'indiscutibile pellicola protettiva contro il sole e il vento, ideale per l'uso su ferite, scottature, congelamento, ustioni e screpolature.<\/p>\n<p>Applicare uno strato sottile direttamente sulla pelle.<\/p>\n<p>Per i capelli:<\/p>\n<p>Eccellente cura dei capelli perch\u00e9 il gel <span class=\"original-content\">Aloe <\/span>V\u00e9ra Bio aiuta a nutrire e proteggere i capelli. Lenisce i danni al cuoio capelluto e riduce la forfora.<\/p>\n<p>Prelevare una piccola quantit\u00e0 di gel e massaggiare delicatamente il cranio con la punta delle dita.<\/p>\n<p>Infine, pu\u00f2 essere utilizzato anche come leggero analgesico per i dolori muscolari, articolari e nevralgici.<\/p>\n<h3><strong>INGREDIENTE INCI :<\/strong><\/h3>\n<p>Aqua (acqua) \/ Glicerina (glicerina) \/ Estratto di foglie di Alo\u00e9 Barbadensis biologico <span class=\"original-content\">Aloe <\/span>V\u00e9ra Bio) \/ Carbomero \/Polisorbato-20 \/ Fenossi Glicerina \/ Idrossido di sodio (Idrossido di sodio) \/ Etilesilglicerina (Etilesiglicerina) \/ Alcool benzilico (Alcool benzilico).<\/p>","protected":false},"excerpt":{"rendered":"<p>Innanzitutto, va detto che l'aloe vera \u00e8 un ottimo prodotto cosmetico. Il gel di aloe vera \u00e8 particolarmente ricco di sali minerali. Questo gel offre innumerevoli benefici. Le sue principali propriet\u00e0 sono lenitive, cicatrizzanti, idratanti, rigeneranti e purificanti. Tuttavia, \u00e8 composto da 72 ingredienti biologici, \u00e8 privo di parabeni e vegano. Pertanto, il gel [\u2026]","protected":false},"featured_media":324,"template":"","meta":[],"product_brand":[],"product_cat":[34],"product_tag":[],"class_list":{"0":"post-291","1":"product","2":"type-product","3":"status-publish","4":"has-post-thumbnail","6":"product_cat-hygiene","8":"first","9":"outofstock","10":"shipping-taxable","11":"purchasable","12":"product-type-simple"},"yoast_head":"<!-- This site is optimized with the Yoast SEO plugin v26.6 - https:\/\/yoast.com\/wordpress\/plugins\/seo\/ -->\n<title>Gel d&#039;alo\u00e9 vera 100g - Nigelle Source - Safinel<\/title>\n<meta name=\"robots\" content=\"index, follow, max-snippet:-1, max-image-preview:large, max-video-preview:-1\" \/>\n<link rel=\"canonical\" href=\"https:\/\/www.safinel.fr\/it\/prodotto\/daloe-vera-gel-100g-cumino-nero-fonte\/\" \/>\n<meta property=\"og:locale\" content=\"it_IT\" \/>\n<meta property=\"og:type\" content=\"article\" \/>\n<meta property=\"og:title\" content=\"Gel d&#039;alo\u00e9 vera 100g - Nigelle Source - Safinel\" \/>\n<meta property=\"og:description\" content=\"Tout d&rsquo;abord, il faut dire que l&rsquo;aloe v\u00e9ra est un excellent produit cosm\u00e9tique. Le gel aloe v\u00e9ra est particuli\u00e8rement riche en sels min\u00e9raux. Ce gel contient d&rsquo;incalculables bienfaits. Ces principales vertus sont apaisantes, cicatrisantes, hydratantes, r\u00e9g\u00e9n\u00e9rant et purifiantes. N\u00e9anmoins, il est constitu\u00e9 de 72 % d&rsquo;ingr\u00e9dients biologiques, produit sans paraben et v\u00e9gan. Ainsi le gel [...]\" \/>\n<meta property=\"og:url\" content=\"https:\/\/www.safinel.fr\/it\/prodotto\/daloe-vera-gel-100g-cumino-nero-fonte\/\" \/>\n<meta property=\"og:site_name\" content=\"Safinel\" \/>\n<meta property=\"article:modified_time\" content=\"2023-12-30T13:53:27+00:00\" \/>\n<meta property=\"og:image\" content=\"https:\/\/www.safinel.fr\/wp-content\/uploads\/2021\/07\/gel-aloe-vera-5.jpg\" \/>\n\t<meta property=\"og:image:width\" content=\"954\" \/>\n\t<meta property=\"og:image:height\" content=\"800\" \/>\n\t<meta property=\"og:image:type\" content=\"image\/jpeg\" \/>\n<meta name=\"twitter:card\" content=\"summary_large_image\" \/>\n<meta name=\"twitter:label1\" content=\"Tempo di lettura stimato\" \/>\n\t<meta name=\"twitter:data1\" content=\"2 minuti\" \/>\n<script type=\"application\/ld+json\" class=\"yoast-schema-graph\">{\"@context\":\"https:\/\/schema.org\",\"@graph\":[{\"@type\":\"WebPage\",\"@id\":\"https:\/\/www.safinel.fr\/produit\/gel-daloe-vera-100g-nigelle-source\/\",\"url\":\"https:\/\/www.safinel.fr\/produit\/gel-daloe-vera-100g-nigelle-source\/\",\"name\":\"Gel d'alo\u00e9 vera 100g - Nigelle Source - Safinel\",\"isPartOf\":{\"@id\":\"https:\/\/www.safinel.fr\/#website\"},\"primaryImageOfPage\":{\"@id\":\"https:\/\/www.safinel.fr\/produit\/gel-daloe-vera-100g-nigelle-source\/#primaryimage\"},\"image\":{\"@id\":\"https:\/\/www.safinel.fr\/produit\/gel-daloe-vera-100g-nigelle-source\/#primaryimage\"},\"thumbnailUrl\":\"https:\/\/www.safinel.fr\/wp-content\/uploads\/2021\/07\/gel-aloe-vera-5.jpg\",\"datePublished\":\"2021-07-24T18:59:25+00:00\",\"dateModified\":\"2023-12-30T13:53:27+00:00\",\"breadcrumb\":{\"@id\":\"https:\/\/www.safinel.fr\/produit\/gel-daloe-vera-100g-nigelle-source\/#breadcrumb\"},\"inLanguage\":\"it-IT\",\"potentialAction\":[{\"@type\":\"ReadAction\",\"target\":[\"https:\/\/www.safinel.fr\/produit\/gel-daloe-vera-100g-nigelle-source\/\"]}]},{\"@type\":\"ImageObject\",\"inLanguage\":\"it-IT\",\"@id\":\"https:\/\/www.safinel.fr\/produit\/gel-daloe-vera-100g-nigelle-source\/#primaryimage\",\"url\":\"https:\/\/www.safinel.fr\/wp-content\/uploads\/2021\/07\/gel-aloe-vera-5.jpg\",\"contentUrl\":\"https:\/\/www.safinel.fr\/wp-content\/uploads\/2021\/07\/gel-aloe-vera-5.jpg\",\"width\":954,\"height\":800},{\"@type\":\"BreadcrumbList\",\"@id\":\"https:\/\/www.safinel.fr\/produit\/gel-daloe-vera-100g-nigelle-source\/#breadcrumb\",\"itemListElement\":[{\"@type\":\"ListItem\",\"position\":1,\"name\":\"Accueil\",\"item\":\"https:\/\/www.safinel.fr\/\"},{\"@type\":\"ListItem\",\"position\":2,\"name\":\"Boutique\",\"item\":\"https:\/\/www.safinel.fr\/boutique\/\"},{\"@type\":\"ListItem\",\"position\":3,\"name\":\"Gel d&#8217;alo\u00e9 vera 100g &#8211; Nigelle Source\"}]},{\"@type\":\"WebSite\",\"@id\":\"https:\/\/www.safinel.fr\/#website\",\"url\":\"https:\/\/www.safinel.fr\/\",\"name\":\"Safinel\",\"description\":\"\",\"publisher\":{\"@id\":\"https:\/\/www.safinel.fr\/#organization\"},\"potentialAction\":[{\"@type\":\"SearchAction\",\"target\":{\"@type\":\"EntryPoint\",\"urlTemplate\":\"https:\/\/www.safinel.fr\/?s={search_term_string}\"},\"query-input\":{\"@type\":\"PropertyValueSpecification\",\"valueRequired\":true,\"valueName\":\"search_term_string\"}}],\"inLanguage\":\"it-IT\"},{\"@type\":\"Organization\",\"@id\":\"https:\/\/www.safinel.fr\/#organization\",\"name\":\"Safinel\",\"url\":\"https:\/\/www.safinel.fr\/\",\"logo\":{\"@type\":\"ImageObject\",\"inLanguage\":\"it-IT\",\"@id\":\"https:\/\/www.safinel.fr\/#\/schema\/logo\/image\/\",\"url\":\"https:\/\/www.safinel.fr\/wp-content\/uploads\/2021\/05\/boutique-cosmetique.png\",\"contentUrl\":\"https:\/\/www.safinel.fr\/wp-content\/uploads\/2021\/05\/boutique-cosmetique.png\",\"width\":800,\"height\":200,\"caption\":\"Safinel\"},\"image\":{\"@id\":\"https:\/\/www.safinel.fr\/#\/schema\/logo\/image\/\"}}]}<\/script>\n<!-- \/ Yoast SEO plugin. -->","yoast_head_json":{"title":"Gel di Aloe Vera 100g - Fonte Nigelle - Safinel","robots":{"index":"index","follow":"follow","max-snippet":"max-snippet:-1","max-image-preview":"max-image-preview:large","max-video-preview":"max-video-preview:-1"},"canonical":"https:\/\/www.safinel.fr\/it\/prodotto\/daloe-vera-gel-100g-cumino-nero-fonte\/","og_locale":"it_IT","og_type":"article","og_title":"Gel d'alo\u00e9 vera 100g - Nigelle Source - Safinel","og_description":"Tout d&rsquo;abord, il faut dire que l&rsquo;aloe v\u00e9ra est un excellent produit cosm\u00e9tique. Le gel aloe v\u00e9ra est particuli\u00e8rement riche en sels min\u00e9raux. Ce gel contient d&rsquo;incalculables bienfaits. Ces principales vertus sont apaisantes, cicatrisantes, hydratantes, r\u00e9g\u00e9n\u00e9rant et purifiantes. N\u00e9anmoins, il est constitu\u00e9 de 72 % d&rsquo;ingr\u00e9dients biologiques, produit sans paraben et v\u00e9gan. Ainsi le gel [...]","og_url":"https:\/\/www.safinel.fr\/it\/prodotto\/daloe-vera-gel-100g-cumino-nero-fonte\/","og_site_name":"Safinel","article_modified_time":"2023-12-30T13:53:27+00:00","og_image":[{"width":954,"height":800,"url":"https:\/\/www.safinel.fr\/wp-content\/uploads\/2021\/07\/gel-aloe-vera-5.jpg","type":"image\/jpeg"}],"twitter_card":"summary_large_image","twitter_misc":{"Tempo di lettura stimato":"2 minuti"},"schema":{"@context":"https:\/\/schema.org","@graph":[{"@type":"WebPage","@id":"https:\/\/www.safinel.fr\/produit\/gel-daloe-vera-100g-nigelle-source\/","url":"https:\/\/www.safinel.fr\/produit\/gel-daloe-vera-100g-nigelle-source\/","name":"Gel di Aloe Vera 100g - Fonte Nigelle - Safinel","isPartOf":{"@id":"https:\/\/www.safinel.fr\/#website"},"primaryImageOfPage":{"@id":"https:\/\/www.safinel.fr\/produit\/gel-daloe-vera-100g-nigelle-source\/#primaryimage"},"image":{"@id":"https:\/\/www.safinel.fr\/produit\/gel-daloe-vera-100g-nigelle-source\/#primaryimage"},"thumbnailUrl":"https:\/\/www.safinel.fr\/wp-content\/uploads\/2021\/07\/gel-aloe-vera-5.jpg","datePublished":"2021-07-24T18:59:25+00:00","dateModified":"2023-12-30T13:53:27+00:00","breadcrumb":{"@id":"https:\/\/www.safinel.fr\/produit\/gel-daloe-vera-100g-nigelle-source\/#breadcrumb"},"inLanguage":"it-IT","potentialAction":[{"@type":"ReadAction","target":["https:\/\/www.safinel.fr\/produit\/gel-daloe-vera-100g-nigelle-source\/"]}]},{"@type":"ImageObject","inLanguage":"it-IT","@id":"https:\/\/www.safinel.fr\/produit\/gel-daloe-vera-100g-nigelle-source\/#primaryimage","url":"https:\/\/www.safinel.fr\/wp-content\/uploads\/2021\/07\/gel-aloe-vera-5.jpg","contentUrl":"https:\/\/www.safinel.fr\/wp-content\/uploads\/2021\/07\/gel-aloe-vera-5.jpg","width":954,"height":800},{"@type":"BreadcrumbList","@id":"https:\/\/www.safinel.fr\/produit\/gel-daloe-vera-100g-nigelle-source\/#breadcrumb","itemListElement":[{"@type":"ListItem","position":1,"name":"Accueil","item":"https:\/\/www.safinel.fr\/"},{"@type":"ListItem","position":2,"name":"Boutique","item":"https:\/\/www.safinel.fr\/boutique\/"},{"@type":"ListItem","position":3,"name":"Gel d&#8217;alo\u00e9 vera 100g &#8211; Nigelle Source"}]},{"@type":"WebSite","@id":"https:\/\/www.safinel.fr\/#website","url":"https:\/\/www.safinel.fr\/","name":"Safinel","description":"","publisher":{"@id":"https:\/\/www.safinel.fr\/#organization"},"potentialAction":[{"@type":"SearchAction","target":{"@type":"EntryPoint","urlTemplate":"https:\/\/www.safinel.fr\/?s={search_term_string}"},"query-input":{"@type":"PropertyValueSpecification","valueRequired":true,"valueName":"search_term_string"}}],"inLanguage":"it-IT"},{"@type":"Organization","@id":"https:\/\/www.safinel.fr\/#organization","name":"Safinel","url":"https:\/\/www.safinel.fr\/","logo":{"@type":"ImageObject","inLanguage":"it-IT","@id":"https:\/\/www.safinel.fr\/#\/schema\/logo\/image\/","url":"https:\/\/www.safinel.fr\/wp-content\/uploads\/2021\/05\/boutique-cosmetique.png","contentUrl":"https:\/\/www.safinel.fr\/wp-content\/uploads\/2021\/05\/boutique-cosmetique.png","width":800,"height":200,"caption":"Safinel"},"image":{"@id":"https:\/\/www.safinel.fr\/#\/schema\/logo\/image\/"}}]}},"_links":{"self":[{"href":"https:\/\/www.safinel.fr\/it\/wp-json\/wp\/v2\/product\/291","targetHints":{"allow":["GET"]}}],"collection":[{"href":"https:\/\/www.safinel.fr\/it\/wp-json\/wp\/v2\/product"}],"about":[{"href":"https:\/\/www.safinel.fr\/it\/wp-json\/wp\/v2\/types\/product"}],"wp:featuredmedia":[{"embeddable":true,"href":"https:\/\/www.safinel.fr\/it\/wp-json\/wp\/v2\/media\/324"}],"wp:attachment":[{"href":"https:\/\/www.safinel.fr\/it\/wp-json\/wp\/v2\/media?parent=291"}],"wp:term":[{"taxonomy":"product_brand","embeddable":true,"href":"https:\/\/www.safinel.fr\/it\/wp-json\/wp\/v2\/product_brand?post=291"},{"taxonomy":"product_cat","embeddable":true,"href":"https:\/\/www.safinel.fr\/it\/wp-json\/wp\/v2\/product_cat?post=291"},{"taxonomy":"product_tag","embeddable":true,"href":"https:\/\/www.safinel.fr\/it\/wp-json\/wp\/v2\/product_tag?post=291"}],"curies":[{"name":"wp","href":"https:\/\/api.w.org\/{rel}","templated":true}]}}

<p>Prima di tutto, va detto che <span class="original-content">aloe </span>Il gel di aloe vera è un eccellente prodotto cosmetico. Il gel di aloe vera è particolarmente ricco di sali minerali. Questo gel contiene innumerevoli benefici. Le sue principali virtù sono lenitive, cicatrizzanti, idratanti, rigeneranti e purificanti.</p>
<p>Tuttavia, è composto da 72 % di ingredienti biologici, prodotto senza parabeni e vegano. Il gel di aloe vera soddisfa quindi le esigenze di tutti i tipi di pelle.</p>
<p>Può essere utilizzato da solo o come complemento di un prodotto per la cura della pelle a base di oli vegetali.</p>
<h3><strong>L'origine dell'aloe vera :</strong></h3>
<p>Si ritiene che l'Aloe vera sia originaria dell'Africa e di alcune isole dell'Oceano Indiano. Il gel di questa pianta veniva già utilizzato per curare la stitichezza e i problemi della pelle.</p>
<p>Nel 1820 è stato riportato che <span class="original-content">Aloe </span>véra nella farmacopea ufficiale degli Stati Uniti d'America. Nel 1935, alcuni medici americani la utilizzarono per trattare le ripetute ustioni causate dall'esposizione ai raggi X.</p>
<h3><strong>Le molte virtù di <span class="original-content">aloe </span>véra :</strong></h3>
<p>Cura della pelle :</p>
<p>D'altra parte, si abbina perfettamente alla crema da giorno. È altamente efficace contro problemi della pelle come acne, psoriasi, eczema, herpes, bruciature e prurito.</p>
<p>Inoltre, è un'indiscutibile pellicola protettiva contro il sole e il vento, ideale per l'uso su ferite, scottature, congelamento, ustioni e screpolature.</p>
<p>Applicare uno strato sottile direttamente sulla pelle.</p>
<p>Per i capelli:</p>
<p>Eccellente cura dei capelli perché il gel <span class="original-content">Aloe </span>Véra Bio aiuta a nutrire e proteggere i capelli. Lenisce i danni al cuoio capelluto e riduce la forfora.</p>
<p>Prelevare una piccola quantità di gel e massaggiare delicatamente il cranio con la punta delle dita.</p>
<p>Infine, può essere utilizzato anche come leggero analgesico per i dolori muscolari, articolari e nevralgici.</p>
<h3><strong>INGREDIENTE INCI :</strong></h3>
<p>Aqua (acqua) / Glicerina (glicerina) / Estratto di foglie di Aloé Barbadensis biologico <span class="original-content">Aloe </span>Véra Bio) / Carbomero /Polisorbato-20 / Fenossi Glicerina / Idrossido di sodio (Idrossido di sodio) / Etilesilglicerina (Etilesiglicerina) / Alcool benzilico (Alcool benzilico).</p>

<p>Innanzitutto, va detto che l'aloe vera è un ottimo prodotto cosmetico. Il gel di aloe vera è particolarmente ricco di sali minerali. Questo gel offre innumerevoli benefici. Le sue principali proprietà sono lenitive, cicatrizzanti, idratanti, rigeneranti e purificanti. Tuttavia, è composto da 72 ingredienti biologici, è privo di parabeni e vegano. Pertanto, il gel […]

<!-- This site is optimized with the Yoast SEO plugin v26.6 - https://yoast.com/wordpress/plugins/seo/ -->
<title>Gel d&#039;aloé vera 100g - Nigelle Source - Safinel</title>
<meta name="robots" content="index, follow, max-snippet:-1, max-image-preview:large, max-video-preview:-1" />
<link rel="canonical" href="https://www.safinel.fr/it/prodotto/daloe-vera-gel-100g-cumino-nero-fonte/" />
<meta property="og:locale" content="it_IT" />
<meta property="og:type" content="article" />
<meta property="og:title" content="Gel d&#039;aloé vera 100g - Nigelle Source - Safinel" />
<meta property="og:description" content="Tout d&rsquo;abord, il faut dire que l&rsquo;aloe véra est un excellent produit cosmétique. Le gel aloe véra est particulièrement riche en sels minéraux. Ce gel contient d&rsquo;incalculables bienfaits. Ces principales vertus sont apaisantes, cicatrisantes, hydratantes, régénérant et purifiantes. Néanmoins, il est constitué de 72 % d&rsquo;ingrédients biologiques, produit sans paraben et végan. Ainsi le gel [...]" />
<meta property="og:url" content="https://www.safinel.fr/it/prodotto/daloe-vera-gel-100g-cumino-nero-fonte/" />
<meta property="og:site_name" content="Safinel" />
<meta property="article:modified_time" content="2023-12-30T13:53:27+00:00" />
<meta property="og:image" content="https://www.safinel.fr/wp-content/uploads/2021/07/gel-aloe-vera-5.jpg" />
	<meta property="og:image:width" content="954" />
	<meta property="og:image:height" content="800" />
	<meta property="og:image:type" content="image/jpeg" />
<meta name="twitter:card" content="summary_large_image" />
<meta name="twitter:label1" content="Tempo di lettura stimato" />
	<meta name="twitter:data1" content="2 minuti" />
<script type="application/ld+json" class="yoast-schema-graph">{"@context":"https://schema.org","@graph":[{"@type":"WebPage","@id":"https://www.safinel.fr/produit/gel-daloe-vera-100g-nigelle-source/","url":"https://www.safinel.fr/produit/gel-daloe-vera-100g-nigelle-source/","name":"Gel d'aloé vera 100g - Nigelle Source - Safinel","isPartOf":{"@id":"https://www.safinel.fr/#website"},"primaryImageOfPage":{"@id":"https://www.safinel.fr/produit/gel-daloe-vera-100g-nigelle-source/#primaryimage"},"image":{"@id":"https://www.safinel.fr/produit/gel-daloe-vera-100g-nigelle-source/#primaryimage"},"thumbnailUrl":"https://www.safinel.fr/wp-content/uploads/2021/07/gel-aloe-vera-5.jpg","datePublished":"2021-07-24T18:59:25+00:00","dateModified":"2023-12-30T13:53:27+00:00","breadcrumb":{"@id":"https://www.safinel.fr/produit/gel-daloe-vera-100g-nigelle-source/#breadcrumb"},"inLanguage":"it-IT","potentialAction":[{"@type":"ReadAction","target":["https://www.safinel.fr/produit/gel-daloe-vera-100g-nigelle-source/"]}]},{"@type":"ImageObject","inLanguage":"it-IT","@id":"https://www.safinel.fr/produit/gel-daloe-vera-100g-nigelle-source/#primaryimage","url":"https://www.safinel.fr/wp-content/uploads/2021/07/gel-aloe-vera-5.jpg","contentUrl":"https://www.safinel.fr/wp-content/uploads/2021/07/gel-aloe-vera-5.jpg","width":954,"height":800},{"@type":"BreadcrumbList","@id":"https://www.safinel.fr/produit/gel-daloe-vera-100g-nigelle-source/#breadcrumb","itemListElement":[{"@type":"ListItem","position":1,"name":"Accueil","item":"https://www.safinel.fr/"},{"@type":"ListItem","position":2,"name":"Boutique","item":"https://www.safinel.fr/boutique/"},{"@type":"ListItem","position":3,"name":"Gel d&#8217;aloé vera 100g &#8211; Nigelle Source"}]},{"@type":"WebSite","@id":"https://www.safinel.fr/#website","url":"https://www.safinel.fr/","name":"Safinel","description":"","publisher":{"@id":"https://www.safinel.fr/#organization"},"potentialAction":[{"@type":"SearchAction","target":{"@type":"EntryPoint","urlTemplate":"https://www.safinel.fr/?s={search_term_string}"},"query-input":{"@type":"PropertyValueSpecification","valueRequired":true,"valueName":"search_term_string"}}],"inLanguage":"it-IT"},{"@type":"Organization","@id":"https://www.safinel.fr/#organization","name":"Safinel","url":"https://www.safinel.fr/","logo":{"@type":"ImageObject","inLanguage":"it-IT","@id":"https://www.safinel.fr/#/schema/logo/image/","url":"https://www.safinel.fr/wp-content/uploads/2021/05/boutique-cosmetique.png","contentUrl":"https://www.safinel.fr/wp-content/uploads/2021/05/boutique-cosmetique.png","width":800,"height":200,"caption":"Safinel"},"image":{"@id":"https://www.safinel.fr/#/schema/logo/image/"}}]}</script>
<!-- / Yoast SEO plugin. -->

Gel d'aloé vera 100g - Nigelle Source - Safinel

Tout d&rsquo;abord, il faut dire que l&rsquo;aloe véra est un excellent produit cosmétique. Le gel aloe véra est particulièrement riche en sels minéraux. Ce gel contient d&rsquo;incalculables bienfaits. Ces principales vertus sont apaisantes, cicatrisantes, hydratantes, régénérant et purifiantes. Néanmoins, il est constitué de 72 % d&rsquo;ingrédients biologiques, produit sans paraben et végan. Ainsi le gel [...]

Gel d&#8217;aloé vera 100g &#8211; Nigelle Source
